{"id":5499,"date":"2024-02-15T00:56:42","date_gmt":"2024-02-15T00:56:42","guid":{"rendered":"https:\/\/gpsites.co\/solar\/?page_id=8"},"modified":"2026-04-11T07:21:12","modified_gmt":"2026-04-11T07:21:12","slug":"home","status":"publish","type":"page","link":"https:\/\/pfdtekstil.com\/","title":{"rendered":"Home"},"content":{"rendered":"<div class=\"gb-container gb-container-5950de47\">\n<div class=\"gb-container gb-container-c7e444b2\">\n\n<h1 class=\"gb-headline gb-headline-edd053b6 gb-headline-text highlight-word\">Textiles for a <mark class=\"gb-highlight\">sustainable<\/mark> future!<\/h1>\n\n<\/div>\n<\/div>\n\n<div class=\"gb-container gb-container-42c3c3f4\">\n\n<p><\/p>\n\n\n\n<p><\/p>\n\n\n\n<p><\/p>\n\n\n<div class=\"gb-container gb-container-6c048740\">\n\n<div class=\"wp-block-group is-nowrap is-layout-flex wp-container-core-group-is-layout-ad2f72ca wp-block-group-is-layout-flex\">\n<figure class=\"wp-block-image size-large is-style-rounded wp-duotone-grayscale\"><img loading=\"lazy\" decoding=\"async\" width=\"1024\" height=\"576\" src=\"https:\/\/pfdtekstil.com\/wp-content\/uploads\/2025\/03\/giris-1024x576.jpg\" alt=\"\" class=\"wp-image-5546\" srcset=\"https:\/\/pfdtekstil.com\/wp-content\/uploads\/2025\/03\/giris-1024x576.jpg 1024w, https:\/\/pfdtekstil.com\/wp-content\/uploads\/2025\/03\/giris-300x169.jpg 300w, https:\/\/pfdtekstil.com\/wp-content\/uploads\/2025\/03\/giris-768x432.jpg 768w, https:\/\/pfdtekstil.com\/wp-content\/uploads\/2025\/03\/giris-1536x864.jpg 1536w, https:\/\/pfdtekstil.com\/wp-content\/uploads\/2025\/03\/giris.jpg 1920w\" sizes=\"auto, (max-width: 1024px) 100vw, 1024px\" \/><\/figure>\n\n\n<div class=\"gb-container gb-container-cba47ebe\">\n<div class=\"gb-container gb-container-7603a9ec\">\n\n<div class=\"wp-block-group is-vertical is-layout-flex wp-container-core-group-is-layout-8cf370e7 wp-block-group-is-layout-flex\">\n<p class=\"has-text-align-left has-medium-font-size\">At PFD Tekstil, our mission is to exceed the expectations of our valued customers worldwide by delivering exceptional fabrics and waistband linings, crafted with creativity and precision to align seamlessly with the visions of our clients and stylists.<\/p>\n\n\n\n<p class=\"has-text-align-left has-medium-font-size\">Each season, we introduce collections featuring innovative and trendsetting products, developed through rigorous research, meticulous attention to detail, and a close eye on the latest fashion trends. Our entire fabric production process is expertly managed using cutting-edge machinery and advanced measurement and evaluation systems, ensuring the highest standards of quality and excellence.<\/p>\n<\/div>\n\n<\/div>\n<\/div><\/div>\n\n<\/div>\n\n\n<p><\/p>\n\n\n<div class=\"gb-container gb-container-f75655ba\">\n\n<div class=\"wp-block-group is-nowrap is-layout-flex wp-container-core-group-is-layout-ad2f72ca wp-block-group-is-layout-flex\"><div class=\"gb-container gb-container-558ee340\">\n<div class=\"gb-container gb-container-3165593a\">\n\n<h3 class=\"gb-headline gb-headline-bff72dec gb-headline-text\"><strong>Products and Service<\/strong><\/h3>\n\n\n\n<h2 class=\"gb-headline gb-headline-42020178 gb-headline-text\">Catalogue<\/h2>\n\n\n\n<p class=\"gb-headline gb-headline-2e0cf62a gb-headline-text\">Besides our qualities available at our catalogue, we can also manufacture custom fabrics as you desire<\/p>\n\n\n<div class=\"gb-grid-wrapper gb-grid-wrapper-2bf5ddb7\">\n<div class=\"gb-grid-column gb-grid-column-a4b5cd2e\"><div class=\"gb-container gb-container-a4b5cd2e\">\n\n<h5 class=\"gb-headline gb-headline-b8d93b26\"><span class=\"gb-headline-text\">SHIRTING FABRICS<\/span><\/h5>\n\n\n<div class=\"gb-container gb-container-d6dccb69\">\n\n<a class=\"gb-button gb-button-3898b100 gb-button-text\" href=\"https:\/\/pfdtekstil.com\/index.php\/shirting\/\" target=\"_blank\" rel=\"noopener noreferrer\">Learn more<\/a>\n\n<\/div>\n<\/div><\/div>\n\n<div class=\"gb-grid-column gb-grid-column-51bbd91d\"><div class=\"gb-container gb-container-51bbd91d\">\n\n<h5 class=\"gb-headline gb-headline-3ea340fd\"><span class=\"gb-headline-text\">l\u0131n\u0131ng fabr\u0131cs<\/span><\/h5>\n\n\n<div class=\"gb-container gb-container-a65d0d61\">\n\n<a class=\"gb-button gb-button-dc7ec7ad gb-button-text\" href=\"https:\/\/pfdtekstil.com\/index.php\/linings\/\" target=\"_blank\" rel=\"noopener noreferrer\">Learn more<\/a>\n\n<\/div>\n<\/div><\/div>\n\n<div class=\"gb-grid-column gb-grid-column-2189687a\"><div class=\"gb-container gb-container-2189687a\">\n\n<h5 class=\"gb-headline gb-headline-bce23a6e\"><span class=\"gb-headline-text\">Jacquard fabr\u0131cs<\/span><\/h5>\n\n\n<div class=\"gb-container gb-container-ad1e0dab\">\n\n<a class=\"gb-button gb-button-bcafc19d gb-button-text\" href=\"#\">Learn more<\/a>\n\n<\/div>\n<\/div><\/div>\n\n<div class=\"gb-grid-column gb-grid-column-6a373d73\"><div class=\"gb-container gb-container-6a373d73\">\n\n<h5 class=\"gb-headline gb-headline-3f40e469\"><span class=\"gb-headline-text\">pocket\u0131ng fabr\u0131cs<\/span><\/h5>\n\n\n<div class=\"gb-container gb-container-7ffb97e8\">\n\n<a class=\"gb-button gb-button-3ecddb80 gb-button-text\" href=\"#\">Learn more<\/a>\n\n<\/div>\n<\/div><\/div>\n\n<div class=\"gb-grid-column gb-grid-column-da1e1a18\"><div class=\"gb-container gb-container-da1e1a18\">\n\n<h5 class=\"gb-headline gb-headline-fb10956b\"><span class=\"gb-headline-text\">knitted fabr\u0131cs<\/span><\/h5>\n\n\n<div class=\"gb-container gb-container-5158367c\">\n\n<a class=\"gb-button gb-button-24b6fa85 gb-button-text\" href=\"#\">Learn more<\/a>\n\n<\/div>\n<\/div><\/div>\n\n<div class=\"gb-grid-column gb-grid-column-71b0d441\"><div class=\"gb-container gb-container-71b0d441\">\n\n<h5 class=\"gb-headline gb-headline-97b0cf53\"><span class=\"gb-headline-text\">wa\u0131stband curta\u0131ns<\/span><\/h5>\n\n\n<div class=\"gb-container gb-container-be168a49\">\n\n<a class=\"gb-button gb-button-427c9b25 gb-button-text\" href=\"#\">Learn more<\/a>\n\n<\/div>\n<\/div><\/div>\n<\/div>\n<\/div>\n<\/div><\/div>\n\n<\/div>\n\n\n<p>.<\/p>\n\n\n<div class=\"gb-container gb-container-555dbbb4\">\n<div class=\"gb-container gb-container-f48dc796\">\n\n<figure class=\"gb-block-image gb-block-image-15d85119\"><img loading=\"lazy\" decoding=\"async\" width=\"3000\" height=\"2093\" class=\"gb-image gb-image-15d85119\" src=\"https:\/\/pfdtekstil.com\/wp-content\/uploads\/2025\/03\/BCI-Better-Cotton-Initiative.png\" alt=\"\" title=\"BCI Better Cotton Initiative\" srcset=\"https:\/\/pfdtekstil.com\/wp-content\/uploads\/2025\/03\/BCI-Better-Cotton-Initiative.png 3000w, https:\/\/pfdtekstil.com\/wp-content\/uploads\/2025\/03\/BCI-Better-Cotton-Initiative-300x209.png 300w, https:\/\/pfdtekstil.com\/wp-content\/uploads\/2025\/03\/BCI-Better-Cotton-Initiative-1024x714.png 1024w, https:\/\/pfdtekstil.com\/wp-content\/uploads\/2025\/03\/BCI-Better-Cotton-Initiative-768x536.png 768w, https:\/\/pfdtekstil.com\/wp-content\/uploads\/2025\/03\/BCI-Better-Cotton-Initiative-1536x1072.png 1536w, https:\/\/pfdtekstil.com\/wp-content\/uploads\/2025\/03\/BCI-Better-Cotton-Initiative-2048x1429.png 2048w\" sizes=\"auto, (max-width: 3000px) 100vw, 3000px\" \/><\/figure>\n\n<\/div>\n\n<div class=\"gb-container gb-container-1f8f05b2\">\n\n<figure class=\"wp-block-image size-large\"><img loading=\"lazy\" decoding=\"async\" width=\"1024\" height=\"697\" src=\"https:\/\/pfdtekstil.com\/wp-content\/uploads\/2025\/03\/GOTS-Global-Organic-Textile-Standard-1024x697.png\" alt=\"\" class=\"wp-image-5567\" srcset=\"https:\/\/pfdtekstil.com\/wp-content\/uploads\/2025\/03\/GOTS-Global-Organic-Textile-Standard-1024x697.png 1024w, https:\/\/pfdtekstil.com\/wp-content\/uploads\/2025\/03\/GOTS-Global-Organic-Textile-Standard-300x204.png 300w, https:\/\/pfdtekstil.com\/wp-content\/uploads\/2025\/03\/GOTS-Global-Organic-Textile-Standard-768x523.png 768w, https:\/\/pfdtekstil.com\/wp-content\/uploads\/2025\/03\/GOTS-Global-Organic-Textile-Standard-1536x1046.png 1536w, https:\/\/pfdtekstil.com\/wp-content\/uploads\/2025\/03\/GOTS-Global-Organic-Textile-Standard-2048x1395.png 2048w\" sizes=\"auto, (max-width: 1024px) 100vw, 1024px\" \/><\/figure>\n\n<\/div>\n\n<div class=\"gb-container gb-container-19e6facb\">\n\n<figure class=\"gb-block-image gb-block-image-10ffa643\"><img loading=\"lazy\" decoding=\"async\" width=\"3000\" height=\"2035\" class=\"gb-image gb-image-10ffa643\" src=\"https:\/\/pfdtekstil.com\/wp-content\/uploads\/2025\/03\/Global-Recycled-Standard.png\" alt=\"\" title=\"Global Recycled Standard\" srcset=\"https:\/\/pfdtekstil.com\/wp-content\/uploads\/2025\/03\/Global-Recycled-Standard.png 3000w, https:\/\/pfdtekstil.com\/wp-content\/uploads\/2025\/03\/Global-Recycled-Standard-300x204.png 300w, https:\/\/pfdtekstil.com\/wp-content\/uploads\/2025\/03\/Global-Recycled-Standard-1024x695.png 1024w, https:\/\/pfdtekstil.com\/wp-content\/uploads\/2025\/03\/Global-Recycled-Standard-768x521.png 768w, https:\/\/pfdtekstil.com\/wp-content\/uploads\/2025\/03\/Global-Recycled-Standard-1536x1042.png 1536w, https:\/\/pfdtekstil.com\/wp-content\/uploads\/2025\/03\/Global-Recycled-Standard-2048x1389.png 2048w\" sizes=\"auto, (max-width: 3000px) 100vw, 3000px\" \/><\/figure>\n\n<\/div>\n\n<div class=\"gb-container gb-container-82c42115\">\n\n<figure class=\"gb-block-image gb-block-image-53f2b594\"><img loading=\"lazy\" decoding=\"async\" width=\"209\" height=\"227\" class=\"gb-image gb-image-53f2b594\" src=\"https:\/\/pfdtekstil.com\/wp-content\/uploads\/2025\/03\/pngaaa.com-8464962-1.png\" alt=\"\" title=\"pngaaa.com-8464962\"\/><\/figure>\n\n<\/div>\n\n<div class=\"gb-container gb-container-9327e976\">\n\n<figure class=\"wp-block-image size-full\"><img loading=\"lazy\" decoding=\"async\" width=\"307\" height=\"307\" src=\"https:\/\/pfdtekstil.com\/wp-content\/uploads\/2025\/03\/3.png\" alt=\"\" class=\"wp-image-5638\" srcset=\"https:\/\/pfdtekstil.com\/wp-content\/uploads\/2025\/03\/3.png 307w, https:\/\/pfdtekstil.com\/wp-content\/uploads\/2025\/03\/3-300x300.png 300w, https:\/\/pfdtekstil.com\/wp-content\/uploads\/2025\/03\/3-150x150.png 150w\" sizes=\"auto, (max-width: 307px) 100vw, 307px\" \/><\/figure>\n\n<\/div>\n<\/div>\n<\/div>\n\n<div class=\"gb-container gb-container-10a597ad\">\n<div class=\"gb-container gb-container-a47507eb\">\n<div class=\"gb-container gb-container-91b80099\">\n\n<h3 class=\"gb-headline gb-headline-ca3b80ca gb-headline-text\">Why Choose US<\/h3>\n\n<\/div>\n\n<div class=\"gb-grid-wrapper gb-grid-wrapper-bd309838\">\n<div class=\"gb-grid-column gb-grid-column-19374ae6\"><div class=\"gb-container gb-container-19374ae6\">\n\n<h5 class=\"gb-headline gb-headline-9a14f6a3\"><span class=\"gb-icon\"><svg aria-hidden=\"true\" role=\"img\" height=\"1em\" width=\"1em\" viewBox=\"0 0 512 512\" xmlns=\"http:\/\/www.w3.org\/2000\/svg\"><path fill=\"currentColor\" d=\"M173.898 439.404l-166.4-166.4c-9.997-9.997-9.997-26.206 0-36.204l36.203-36.204c9.997-9.998 26.207-9.998 36.204 0L192 312.69 432.095 72.596c9.997-9.997 26.207-9.997 36.204 0l36.203 36.204c9.997 9.997 9.997 26.206 0 36.204l-294.4 294.401c-9.998 9.997-26.207 9.997-36.204-.001z\"><\/path><\/svg><\/span><span class=\"gb-headline-text\"><span class=\"gb-headline-text\">ready stock opt\u0131ons<\/span><\/span><\/h5>\n\n\n\n<p class=\"gb-headline gb-headline-b9634618 gb-headline-text\"><\/p>\n\n<\/div><\/div>\n\n<div class=\"gb-grid-column gb-grid-column-6280ce37\"><div class=\"gb-container gb-container-6280ce37\">\n\n<h5 class=\"gb-headline gb-headline-c3ea94cd\"><span class=\"gb-icon\"><svg aria-hidden=\"true\" role=\"img\" height=\"1em\" width=\"1em\" viewBox=\"0 0 640 512\" xmlns=\"http:\/\/www.w3.org\/2000\/svg\"><path fill=\"currentColor\" d=\"M497.941 225.941L286.059 14.059A48 48 0 0 0 252.118 0H48C21.49 0 0 21.49 0 48v204.118a48 48 0 0 0 14.059 33.941l211.882 211.882c18.744 18.745 49.136 18.746 67.882 0l204.118-204.118c18.745-18.745 18.745-49.137 0-67.882zM112 160c-26.51 0-48-21.49-48-48s21.49-48 48-48 48 21.49 48 48-21.49 48-48 48zm513.941 133.823L421.823 497.941c-18.745 18.745-49.137 18.745-67.882 0l-.36-.36L527.64 323.522c16.999-16.999 26.36-39.6 26.36-63.64s-9.362-46.641-26.36-63.64L331.397 0h48.721a48 48 0 0 1 33.941 14.059l211.882 211.882c18.745 18.745 18.745 49.137 0 67.882z\"><\/path><\/svg><\/span><span class=\"gb-headline-text\"><span class=\"gb-headline-text\">Customized and optimized Solutions<\/span><\/span><\/h5>\n\n<\/div><\/div>\n\n<div class=\"gb-grid-column gb-grid-column-f292e71f\"><div class=\"gb-container gb-container-f292e71f\">\n\n<h5 class=\"gb-headline gb-headline-1aa514ff\"><span class=\"gb-icon\"><svg aria-hidden=\"true\" role=\"img\" height=\"1em\" width=\"1em\" viewBox=\"0 0 512 512\" xmlns=\"http:\/\/www.w3.org\/2000\/svg\"><path fill=\"currentColor\" d=\"M440 6.5L24 246.4c-34.4 19.9-31.1 70.8 5.7 85.9L144 379.6V464c0 46.4 59.2 65.5 86.6 28.6l43.8-59.1 111.9 46.2c5.9 2.4 12.1 3.6 18.3 3.6 8.2 0 16.3-2.1 23.6-6.2 12.8-7.2 21.6-20 23.9-34.5l59.4-387.2c6.1-40.1-36.9-68.8-71.5-48.9zM192 464v-64.6l36.6 15.1L192 464zm212.6-28.7l-153.8-63.5L391 169.5c10.7-15.5-9.5-33.5-23.7-21.2L155.8 332.6 48 288 464 48l-59.4 387.3z\"><\/path><\/svg><\/span><span class=\"gb-headline-text\"><span class=\"gb-headline-text\">fast fash\u0131on del\u0131very<\/span><\/span><\/h5>\n\n\n\n<p class=\"gb-headline gb-headline-6dea1308 gb-headline-text\"><\/p>\n\n<\/div><\/div>\n<\/div>\n<\/div>\n<\/div>\n\n<div class=\"gb-container gb-container-3bdf2a68\"><\/div>","protected":false},"excerpt":{"rendered":"<p>Textiles for a sustainable future! At PFD Tekstil, our mission is to exceed the expectations of our valued customers worldwide by delivering exceptional fabrics and waistband linings, crafted with creativity and precision to align seamlessly with the visions of our clients and stylists. Each season, we introduce collections featuring innovative and trendsetting products, developed through &#8230; <a title=\"Home\" class=\"read-more\" href=\"https:\/\/pfdtekstil.com\/\" aria-label=\"Read more about Home\">Read more<\/a><\/p>\n","protected":false},"author":1,"featured_media":0,"parent":0,"menu_order":0,"comment_status":"closed","ping_status":"closed","template":"","meta":{"footnotes":""},"class_list":["post-5499","page","type-page","status-publish"],"_links":{"self":[{"href":"https:\/\/pfdtekstil.com\/index.php\/wp-json\/wp\/v2\/pages\/5499","targetHints":{"allow":["GET"]}}],"collection":[{"href":"https:\/\/pfdtekstil.com\/index.php\/wp-json\/wp\/v2\/pages"}],"about":[{"href":"https:\/\/pfdtekstil.com\/index.php\/wp-json\/wp\/v2\/types\/page"}],"author":[{"embeddable":true,"href":"https:\/\/pfdtekstil.com\/index.php\/wp-json\/wp\/v2\/users\/1"}],"replies":[{"embeddable":true,"href":"https:\/\/pfdtekstil.com\/index.php\/wp-json\/wp\/v2\/comments?post=5499"}],"version-history":[{"count":49,"href":"https:\/\/pfdtekstil.com\/index.php\/wp-json\/wp\/v2\/pages\/5499\/revisions"}],"predecessor-version":[{"id":5824,"href":"https:\/\/pfdtekstil.com\/index.php\/wp-json\/wp\/v2\/pages\/5499\/revisions\/5824"}],"wp:attachment":[{"href":"https:\/\/pfdtekstil.com\/index.php\/wp-json\/wp\/v2\/media?parent=5499"}],"curies":[{"name":"wp","href":"https:\/\/api.w.org\/{rel}","templated":true}]}}